hat is the units digit of a?
5
Suppose l = -4*l - 10. Let a be ((-28)/(-12))/(l/6). Let o = a - -15. What is the units digit of o?
8
Let i = 6 + -6. Suppose -2*o + 7*o - 15 = i. Suppose -5*f - 3*r = -o*f - 21, r - 46 = -5*f. What is the units digit of f?
9
Let a = 4 - 0. Suppose a*s - 10 = -s. Suppose -s*r + r + 13 = 0. What is the tens digit of r?
1
Let n(q) = q + 32. Let b be n(0). What is the tens digit of (-102)/(-7) - b/56?
1
Suppose 2*n - 5*v = 409, -v = 4*n - 361 - 424. What is the tens digit of n?
9
Suppose -15 = -n + 75. What is the units digit of n?
0
Suppose -3*d + 9 = 3*o, -3*o + 0*d + 13 = 2*d. Let b = o - 7. Let x = b + 7. What is the units digit of x?
7
Suppose -2*h + 3 = -13. Let m be (h + -7)*(1 - -4). Suppose 0 = -m*j + 4 + 1. What is the units digit of j?
1
What is the hundreds digit of (2 - 1)*4/(-8)*-330?
1
Let o be -2 - (2 + (-24)/4). Suppose -5*s + 4*s + 29 = -5*j, s = -o*j + 8. What is the units digit of s?
4
What is the units digit of (-1)/1 + 23 + 166?
8
Let i = 21 - 6. What is the units digit of 2/(-10) + 63/i?
4
Let y(o) be the third derivative of -5*o**4/24 + 4*o**3/3 - 3*o**2. What is the units digit of y(-9)?
3
Let f = -19 - 13. Let g = 5 - f. What is the tens digit of g?
3
Let u = 69 + 29. What is the units digit of u?
8
Let c be (-6)/4*50/(-15). Let p(g) = g**2 - 4*g - 5. Let q be p(c). Suppose q*l + l = 16. What is the units digit of l?
6
Let o(a) = -2*a**3 - 2*a**2 - 4*a + 9. What is the tens digit of o(-4)?
2
Let d(g) = g**3 - 3*g**2 + 2*g - 3. What is the units digit of d(4)?
1
Let q(b) = b**2 + 3. Let k be q(0). Suppose 2*i + 143 = k*l + 3*i, -5*i = 5. Suppose -3*z + 0 = -l. What is the units digit of z?
6
Let b(s) = -2*s - 12. Let t be b(-8). Suppose c + 32 = -2*h + h, 131 = -t*c - 5*h. What is the tens digit of c/(-3) - (-1)/3?
1
Suppose 1 = z - 10. Let r(a) = 1 + z*a**2 + 1 + a**3 - 7*a - 2*a**3 + 20*a. What is the units digit of r(12)?
4
Let d = -1 - -77. What is the tens digit of d?
7
Suppose -12 = -3*i + b, 24 = 4*i - 4*b + 8. Suppose -2*l - 22 = -5*o - 56, i*l - 16 = -3*o. Let a(h) = -h**2 + 7*h + 1. What is the units digit of a(l)?
1
Suppose 0*i + 10 = -5*i. What is the tens digit of ((-3)/i)/((-18)/(-276))?
2
Let l(c) = 18*c. Let s(n) = -2*n - 13. Let q be s(-8). What is the units digit of l(q)?
4
Suppose -5*g - 192 = -8*g - 5*v, -4*v = g - 64. What is the units digit of g?
4
Let p be (1 + (-1)/4)*-12. Let j = p + 18. Let q = -8 + j. What is the units digit of q?
1
Let d = 23 - 11. Let g(f) = f**3 - 12*f**2 - f + 10. Let w be g(12). What is the units digit of d/2*(-3)/w?
9
Suppose -8*z + 16*z - 792 = 0. What is the units digit of z?
9
Let r = -13 + 5. Let z be (-11)/(-4) + (-2)/r. Suppose 3*g = -0*c - c + 48, -2*g = -z*c - 21. What is the units digit of g?
5
What is the units digit of (-14)/(-77) + (-515)/(-11)?
7
Let l = 3 - 1. Suppose -w + l + 4 = 0. Suppose -7 = -4*j - 2*i + 5, -2*j + i + w = 0. What is the units digit of j?
3
Suppose -228 = -2*j - 2*j. Suppose -12 = 3*c - j. What is the units digit of c?
5
Suppose 0 = 2*d - 7 + 3. Let l(k) = 2*k + 5*k**d - 3 + 0 + k**3 - 8*k**2. What is the units digit of l(3)?
3
Let g(q) = -q**3 + 5*q**2 - 4*q + 3. Let n(m) = -m**3 + m**2. Let w(s) = g(s) - 2*n(s). Let i be w(2). Suppose i = 5*t - 0. What is the units digit of t?
3
Suppose 0 = -q + 5*w - 4*w, -2*w + 20 = 3*q. What is the units digit of q?
4
Let n(t) be the second derivative of -t**5/20 - t**3/3 - t**2 + t. What is the units digit of n(-2)?
0
Let s(j) = -12*j**2 + j + 2. Let w(v) = -v**2 - v - 1. Suppose -c - c - 2 = 0. Let i(y) = c*s(y) - 3*w(y). What is the units digit of i(-1)?
4
What is the units digit of 2/9 - (-28)/36?
1
Let v(g) = 8*g - 2. What is the tens digit of v(6)?
4
Let i be (-6)/4*8/(-6). Suppose 0 = 4*m - i*m - 26. What is the units digit of m?
3
Let a = -86 - -135. Suppose -a = -4*k - v, k - 6*v - 28 = -v. What is the tens digit of k?
1
Suppose 6 = -2*x, 3*x - 15 = -7*s + 4*s. Let z be (-1)/3 - 10/(-3). Suppose -z*d = d - s. What is the units digit of d?
2
Let w = 47 + 3. What is the tens digit of w?
5
Suppose 5*w = -11 + 36. Suppose 6 = j + 2. Suppose z - 1 = -w*r, -j*r - 15 = 4*z - 3. What is the units digit of r?
1
Let r(z) = 41*z**2 - 3*z - 2. Let d be (-1)/(-3) + 20/(-15). What is the tens digit of r(d)?
4
Let w(t) = -t + 5. Let h be w(7). Let v = h - -6. Suppose -12 = -2*r - 4, -31 = -b - v*r. What is the units digit of b?
5
Suppose -85 = -5*m - h, 0 = -3*h - 13 - 2. What is the tens digit of m?
1
What is the units digit of 1 + 178 + -3 + (-4 - -5)?
7
Let b(u) = -24*u - 1. What is the units digit of b(-1)?
3
Suppose 2*y + 8 = -4*w, 2*y + 11 = w + 3. Suppose -5*o - 2*f + 129 = w, 0 = -2*o + 5*f - 6*f + 52. What is the units digit of o?
5
Let z be (-12)/(-16) - 63/(-12). Suppose 42 = -3*s + z*s. What is the units digit of s?
4
What is the tens digit of 1565/35 + 6/21?
4
Suppose k - 7 = 8. What is the tens digit of k?
1
Suppose 0 = y + y - 2*t - 96, -4*y + 201 = 5*t. What is the units digit of y?
9
Suppose 0 = 3*u + 2*u - 20. Suppose -m = -u*m - 3. What is the tens digit of 0/m + 10/1?
1
Let s = -90 - -161. Let g = s + -26. Suppose 0 = 2*d - g + 5. What is the units digit of d?
0
Let y(i) = -i**3 - 3*i**2 - 2. Let u be y(-5). Suppose -l + u = l. What is the units digit of l?
4
Suppose -3*s + 21 = -0*s. Suppose -t - 3*o = t - 4, o = -4*t + 8. Suppose -t*l = -s*l + 35. What is the units digit of l?
7
What is the units digit of (-201)/(12/3 + -5)?
1
Suppose 3*b = -2*a + 15, -a + 2*b + 11 = -0. Suppose 2*u - 7 = a. What is the tens digit of (105/(-28))/((-3)/u)?
1
Suppose -29*y = -28*y. Suppose -4*c + 19 = -17. Suppose y = -4*u + 57 - c. What is the tens digit of u?
1
What is the units digit of 3 + (-165)/(-5) + -1?
5
Suppose 3*a - 81 = -5*l, -6*l = -4*l - 4*a - 22. What is the units digit of l?
5
Let l(v) = v**3 + 6*v**2 + 4*v + 2. Let y be l(-6). Let u = -11 - y. Suppose -m = -u - 3. What is the units digit of m?
4
Let l(x) = -3*x - 12. Let u be l(-9). Suppose y - u - 43 = 0. Suppose 0 = 5*i - j - y, -4*j - j = 4*i - 58. What is the tens digit of i?
1
Let b be -2*(-4)/(16/6). Suppose 3*s + 4*i - 43 + 8 = 0, -i = b*s - 29. What is the units digit of s?
9
Let x = 312 + -198. What is the units digit of x?
4
Let v(x) be the third derivative of x**4/24 - x**3/3 + x**2. Let c be v(4). What is the units digit of (1/c)/(3/36)?
6
Let t = 18 + -28. Let s be -3 + t/4*-12. Suppose -2*w = -1 - s. What is the units digit of w?
4
Let h be 94/4 + (-1)/2. Let n be -10*(-1)/5*-5. Let a = h + n. What is the units digit of a?
3
Let h = 43 + -25. Suppose 0 = 3*f + 6 - h. Suppose -f*w + 20 = 0, -2*w - 3 = -2*x + 1. What is the units digit of x?
7
Let g = -28 + 54. Suppose p = -p - g. What is the units digit of (p + -1)/(2/(-1))?
7
Suppose j + j + 28 = 0. Let l = -2 - j. What is the tens digit of l?
1
Let q = 152 + -104. Suppose -3*k + q = -18. What is the tens digit of k?
2
Suppose -2*u + 6*u - 72 = 0. Let i be 3 + -3*(-15)/(-3). Let m = u + i. What is the units digit of m?
6
Suppose -p = p - 12. Let y = -1 + p. What is the units digit of y?
5
Let q(l) = l**3 + 7*l**2 + 5*l + 1. Let h(s) = s**3 + 8*s**2 + 5*s + 1. Let j(k) = 2*h(k) - 3*q(k). What is the units digit of j(-4)?
3
Let d(g) = g + 2. What is the units digit of d(4)?
6
Let w = -5 - 4. Let o = w - -14. Suppose -14 = 5*a + 11, -o*t + 35 = -2*a. What is the units digit of t?
5
Suppose 5*i + 4*h + 48 - 188 = 0, 2*i + 3*h - 63 = 0. What is the tens digit of i?
2
Let o = -1 - -1. Let t(y) = -y + 10. Let v be t(6). Suppose 5*u + x - 35 = o, -2*x - 47 = -v*u + x. What is the units digit of u?
8
Let m = -19 - -53. What is the units digit of m?
4
Suppose -4*t + 96 + 156 = n, 5*n - 1206 = -2*t. What is the units digit of n?
0
Let i(o) = 10*o**2 - 8*o - 1. What is the hundreds digit of i(-3)?
1
Let u = 20 - 18. Suppose 28 = b + u*x - 4*x, 5*b - 3*x = 168. What is the tens digit of b?
3
Suppose 0 = -4*u - 4*u + 320. What is the tens digit of u?
4
Let o(a) = 2*a - a**2 + 14*a + 0*a**2. What is the units digit of o(15)?
5
Let m = -12 - -15. Suppose -12 - 4 = -f + m*o, 5*f - 36 = 4*o. What is the units digit of f?
4
Let o = 2 + 0. What is the units digit of o?
2
Let a = 347 - 216. What is the units digit of a?
1
Let a(s) be the third derivative of 